st common divisor of w and o?
11
Let b(t) be the first derivative of -t**3/3 + t**2 + t - 4. Let d be b(3). Let h be d/9 + 2170/45. What is the greatest common factor of 16 and h?
16
Let b be (32/4)/(-2) - -8. Calculate the greatest common factor of b and 40.
4
Suppose y + 2*c = -0*c + 14, -2*c - 50 = -3*y. Let o be ((-8)/6)/((-1)/(-3)). Let n be o/(-18) - 34/(-9). What is the greatest common factor of y and n?
4
Let u be (-21)/(-2) + (-24)/16. What is the highest common factor of 3 and u?
3
Suppose 6*a - 12 = 2*a. Let c = 8 - a. Suppose 3*h = 2*h + 1. What is the greatest common divisor of h and c?
1
Let y be 1 + (1 - -1 - -3). Suppose -5*c + 3*f = -207, -2 = -5*f + 3. Calculate the highest common divisor of c and y.
6
Let u(y) = -3*y**2 - 6*y + 5. Let q(t) = -1. Let b(k) = -3*q(k) - u(k). Suppose 5*a = -21 - 9. Let g be b(a). Calculate the highest common factor of 10 and g.
10
Let m(l) = -l. Let b be m(-6). What is the greatest common factor of 4 and b?
2
Suppose -190 = 4*q + 5*w, 0 = 6*w - 4*w + 4. Let o = q - -90. Calculate the greatest common divisor of o and 18.
9
Suppose 2*n - 4*n = 4*a - 248, a - n = 56. What is the highest common factor of a and 10?
10
Suppose 0 = -y + 110 + 45. Calculate the highest common factor of 62 and y.
31
Let q = 2 + 301. Suppose -q = -4*t + t - 3*s, -3*t + 4*s = -324. Let m(o) = -3*o + 4. Let y be m(-3). Calculate the greatest common factor of y and t.
13
Let d be 5/(2 - 87/45). Calculate the greatest common divisor of 30 and d.
15
Suppose 102 = -k + 3*k + 5*d, 114 = 2*k - d. Let y = 110 - 102. Calculate the highest common factor of y and k.
8
Suppose 7*u = -2*u + 342. Calculate the highest common divisor of 19 and u.
19
Suppose 2*y - 88 = -s - 3*s, 0 = -4*s - y + 90. Calculate the greatest common divisor of s and 46.
23
Suppose -55 - 8 = -7*v. Calculate the greatest common divisor of v and 81.
9
Suppose 4*u - 51 = 33. Calculate the greatest common divisor of 3 and u.
3
Let z(v) = v**2 - 5*v + 7. Let g be z(3). Let l(s) = -4*s**3 + 6*s**3 + 4*s**3. Let o be l(g). What is the greatest common divisor of o and 6?
6
Let g be 7*(22/14 + -1) + 5. Calculate the greatest common factor of 18 and g.
9
Let f = 39 + -9. Suppose 0*x + f = 3*x. What is the greatest common divisor of 110 and x?
10
Suppose 3*q + 4*a - 324 = 0, -3*q = -5*a - 443 + 119. Calculate the greatest common divisor of 72 and q.
36
Let o = -31 - -56. What is the greatest common divisor of o and 5?
5
Let d(y) = -6*y**3 - y**2 + y + 1. Let k be d(-1). Suppose 0 = -2*b - 3*b + 75. What is the highest common factor of b and k?
5
Let p(j) = j**2 + 4*j + 2. Let g be p(-11). Let o = -116 + g. Let q = o - -53. Calculate the greatest common factor of q and 64.
16
Let n = 15 + 35. Suppose 7*z - 2*z = n. Suppose -2*m + 7*m + d = 490, 2*d = -z. Calculate the greatest common factor of 11 and m.
11
Suppose 2*l + 2*x - 22 = 0, 2*l - 23 = -l + 2*x. Let k = 29 + -23. What is the highest common divisor of l and k?
3
Let t(r) = 3*r. Let q be t(2). Suppose -3*y - 2*y = -10. What is the highest common factor of q and y?
2
Let f be 0 - 2 - -46 - 7/(-7). Calculate the greatest common factor of f and 18.
9
Suppose 15 + 29 = 4*u. Let x(n) = n + 4. Let b be x(-2). Suppose b*t - 119 = -2*v + 5*v, 2*v = -6. Calculate the greatest common divisor of u and t.
11
Let q = 7 - 5. Suppose q*k = 85 + 23. Calculate the greatest common factor of k and 6.
6
Suppose 5*k + 3*v = 5*v + 342, -v - 136 = -2*k. Let w(c) = 2*c**2 + 7*c - 2. Let r be w(-6). Calculate the highest common divisor of k and r.
14
Let n be (-56)/(-6) - 2/6. Let x = n + -3. Suppose -5*g + 15 = -4*g. Calculate the greatest common divisor of g and x.
3
Let s(n) = -n**2 + 5*n - 1. Let q be s(4). Calculate the greatest common factor of q and 9.
3
Suppose 0*t - 2*m + 14 = 4*t, -3*m + 11 = t. Suppose 6*v - t*v - 96 = 0. Let d = 27 + -24. Calculate the greatest common divisor of v and d.
3
Suppose 381 = -w + 4*w + 2*m, -2*w = 4*m - 262. Suppose -4*y + 2*g - g + 95 = 0, 0 = 5*y + 5*g - w. Calculate the greatest common divisor of 8 and y.
8
Let y be ((-2)/(-5))/((-12)/(-420)). Let m be y - ((-6)/(-3) + -1). Calculate the highest common factor of 39 and m.
13
Suppose -3*w - 2*w = -25. Let q = w + -10. Let y(s) = 4*s**2 + s - 4. Let x be y(q). Calculate the highest common factor of 13 and x.
13
Let r be -36*(4 - 9)*1/2. Let a = -1 - -16. What is the highest common factor of r and a?
15
Suppose p = 2*u + 12, -2*p + 0*u + 15 = -u. Let i be 4/(-10) - p/(-15). Let z be (i - 3)/((-2)/8). What is the greatest common factor of 108 and z?
12
Suppose u - 3*q - 2 = -4*u, -2*u + 5*q = 3. Let m be (u/(-2))/((-1)/114). Calculate the highest common factor of m and 19.
19
Suppose -h + 659 = 225. Calculate the highest common divisor of 62 and h.
62
Let a be -2*(-1 - (-135)/(-6)). What is the greatest common divisor of 188 and a?
47
Let r be (-2)/(-10) + (-156)/(-20). Suppose -3*m + 11 = k, -r = 4*k - 2*k. Calculate the greatest common factor of 25 and m.
5
Suppose 0 = 5*y - 1203 + 123. Calculate the highest common divisor of 27 and y.
27
Let q = 50 + -23. Calculate the greatest common factor of q and 81.
27
Let b(n) = -16*n - 5. Let r be b(-11). What is the greatest common divisor of r and 19?
19
Suppose -2*l - 29 = -3*v + 2*l, -4*v + 68 = 2*l. What is the greatest common divisor of v and 165?
15
Suppose -2*v - 180 = -5*v. Calculate the greatest common divisor of 20 and v.
20
Let d(w) = w**2 - 4*w + 1. Let s be d(7). What is the greatest common factor of 88 and s?
22
Let n = 136 + -70. What is the greatest common factor of n and 22?
22
Suppose 48*n = 52*n - 228. What is the highest common factor of n and 19?
19
Let v = -2 - -2. Suppose v*w = 4*w - 272. Suppose -h = 2*h - 51. Calculate the highest common factor of h and w.
17
Let i be (-2)/(-4) + (-38)/(-4). What is the greatest common factor of 70 and i?
10
Suppose -55 = -4*g - 3. Suppose 2*b - 5*l - 193 = -2*l, -l + 317 = 3*b. What is the greatest common factor of g and b?
13
Suppose 14 = z + 2*h, 2*z = -3*h - 0*h + 28. What is the greatest common divisor of 21 and z?
7
Let i be (32/6)/(3/9). Suppose -i = -5*p - 1. What is the highest common factor of p and 12?
3
Suppose -6 = -2*l - 2. Suppose l*i = -0*i + 30. What is the highest common divisor of i and 135?
15
Let a = 40 + -37. What is the highest common divisor of 3 and a?
3
Let w(l) = -2*l**3 + 3*l**2 + 5*l - 3. Let t(n) = n - 9. Let y be t(5). Let g be w(y). What is the greatest common factor of g and 17?
17
Suppose 8*q = 3*q + 465. Let v be q/18 + 1/(-6). Calculate the highest common factor of v and 10.
5
Suppose 0 = 2*c - 4*t - 12, -6*t = -c - t + 15. Let p be (2 - c) + -3 + 3. Calculate the highest common factor of p and 6.
2
Suppose n + 2*n = 4*o + 43, 2*o = n - 13. Let p be 49 + (3 - (-1 + 2)). What is the highest common factor of p and n?
17
Let i(f) = 3*f**2 + 6*f - 67. Let p be i(5). Let j(r) = -r**3 - 4*r**2 + 8*r - 5. Let x be j(-6). What is the greatest common divisor of p and x?
19
Let u = -6 - -11. Let n be u/(15/36)*3. Let q = 29 - 11. Calculate the highest common divisor of q and n.
18
Suppose -q + 0 - 19 = 0. Let g = -9 - q. What is the greatest common divisor of 90 and g?
10
Let g = 119 - 79. Suppose -2*l = -4, -l = t + 2*l - 14. Calculate the greatest common factor of t and g.
8
Suppose a + 10 = 58. Suppose -j = j - a. Suppose -q + j = -0*q. What is the highest common factor of q and 12?
12
Let n(y) = -y**3 - 13*y**2 - 14*y + 9. Let v be n(-12). Suppose -v = -3*k + 3*u, -5*k - 4*u + 100 = -0*u. Calculate the greatest common factor of k and 176.
16
Let b = 30 + -20. Calculate the greatest common divisor of b and 110.
10
Let d(l) = l**3 + 5*l**2 - 4*l - 8. Let k be d(-5). Calculate the highest common divisor of k and 96.
12
Let g = 22 + -13. Let x(n) = n - 5. Let y be x(g). Suppose 0 = y*l - 14 - 38. Calculate the greatest common divisor of l and 143.
13
Suppose 20 - 8 = 3*w. What is the greatest common factor of 10 and w?
2
Let g(o) = 8*o**2 + 3*o - 5. Let y be g(5). Suppose -3*i + 0*i = -y. Let j be 14*3*4/6. Calculate the highest common divisor of i and j.
14
Let k be 1*2*6/4. Let d be -3*2/(-18)*12. Let u be (-2)/d - (-488)/16. Calculate the greatest common factor of u and k.
3
Suppose 1 = -2*l + 5. Calculate the highes